{"id":10,"date":"2018-10-23T11:29:50","date_gmt":"2018-10-23T11:29:50","guid":{"rendered":"https:\/\/GEH.computer-nordhessen.de\/?page_id=10"},"modified":"2025-07-13T19:42:38","modified_gmt":"2025-07-13T19:42:38","slug":"kontakt","status":"publish","type":"page","link":"https:\/\/goldene-elf-hofgeismar.de\/?page_id=10","title":{"rendered":"Unser Vorstand"},"content":{"rendered":"\n<p class=\"wp-block-paragraph\"><\/p>\n\n\n\n<p class=\"wp-block-paragraph\">Das sind wir, der Vorstand der Goldene Elf Hofgeismar.<\/p>\n\n\n\n<h4 class=\"wp-block-heading has-very-dark-gray-color has-text-color\"><\/h4>\n\n\n\n<p class=\"wp-block-paragraph\"><\/p>\n\n\n\n<p class=\"has-medium-font-size wp-block-paragraph\"><strong>1. Vorsitzender<\/strong><\/p>\n\n\n\n<figure class=\"wp-block-image size-large is-resized is-style-rounded\"><img loading=\"lazy\" decoding=\"async\" width=\"681\" height=\"1024\" src=\"https:\/\/goldene-elf-hofgeismar.de\/wp-content\/uploads\/2025\/06\/DSC_0013-2-681x1024.jpg\" alt=\"\" class=\"wp-image-3567\" style=\"aspect-ratio:0.6701684971689746;object-fit:cover;width:145px\" srcset=\"https:\/\/goldene-elf-hofgeismar.de\/wp-content\/uploads\/2025\/06\/DSC_0013-2-681x1024.jpg 681w, https:\/\/goldene-elf-hofgeismar.de\/wp-content\/uploads\/2025\/06\/DSC_0013-2-199x300.jpg 199w, https:\/\/goldene-elf-hofgeismar.de\/wp-content\/uploads\/2025\/06\/DSC_0013-2-768x1155.jpg 768w, https:\/\/goldene-elf-hofgeismar.de\/wp-content\/uploads\/2025\/06\/DSC_0013-2-1021x1536.jpg 1021w, https:\/\/goldene-elf-hofgeismar.de\/wp-content\/uploads\/2025\/06\/DSC_0013-2-1362x2048.jpg 1362w, https:\/\/goldene-elf-hofgeismar.de\/wp-content\/uploads\/2025\/06\/DSC_0013-2-300x451.jpg 300w, https:\/\/goldene-elf-hofgeismar.de\/wp-content\/uploads\/2025\/06\/DSC_0013-2-scaled.jpg 1702w\" sizes=\"auto, (max-width: 681px) 100vw, 681px\" \/><\/figure>\n\n\n\n<p class=\"wp-block-paragraph\">Christian Stark  <br> <strong>powerstark@gmx.de<\/strong>  <strong>&nbsp;<\/strong> <br>  <strong>0172-5605983&nbsp;<\/strong> <\/p>\n\n\n\n<h4 class=\"wp-block-heading has-black-color has-text-color has-medium-font-size\"><strong>2. Vorsitzende<\/strong><\/h4>\n\n\n\n<p class=\"wp-block-paragraph\"><\/p>\n\n\n\n<figure class=\"wp-block-image size-full is-resized is-style-rounded\"><img loading=\"lazy\" decoding=\"async\" width=\"1702\" height=\"2560\" src=\"https:\/\/goldene-elf-hofgeismar.de\/wp-content\/uploads\/2025\/06\/DSC_0015-scaled.jpg\" alt=\"\" class=\"wp-image-3564\" style=\"aspect-ratio:0.669974255366307;object-fit:cover;width:145px\" srcset=\"https:\/\/goldene-elf-hofgeismar.de\/wp-content\/uploads\/2025\/06\/DSC_0015-scaled.jpg 1702w, https:\/\/goldene-elf-hofgeismar.de\/wp-content\/uploads\/2025\/06\/DSC_0015-199x300.jpg 199w, https:\/\/goldene-elf-hofgeismar.de\/wp-content\/uploads\/2025\/06\/DSC_0015-681x1024.jpg 681w, https:\/\/goldene-elf-hofgeismar.de\/wp-content\/uploads\/2025\/06\/DSC_0015-768x1155.jpg 768w, https:\/\/goldene-elf-hofgeismar.de\/wp-content\/uploads\/2025\/06\/DSC_0015-1021x1536.jpg 1021w, https:\/\/goldene-elf-hofgeismar.de\/wp-content\/uploads\/2025\/06\/DSC_0015-1362x2048.jpg 1362w, https:\/\/goldene-elf-hofgeismar.de\/wp-content\/uploads\/2025\/06\/DSC_0015-300x451.jpg 300w\" sizes=\"auto, (max-width: 1702px) 100vw, 1702px\" \/><\/figure>\n\n\n\n<h4 class=\"wp-block-heading has-black-color has-text-color\">Erwin A\u00dfhauer<br> asshauer@goldene-elf-hofgeismar.de <br> <strong><em>01702392499<\/em><\/strong> <br> <\/h4>\n\n\n\n<p class=\"has-medium-font-size wp-block-paragraph\"><br><strong> 1. Kassierer<\/strong><\/p>\n\n\n\n<figure class=\"wp-block-image size-large is-resized is-style-rounded\"><img loading=\"lazy\" decoding=\"async\" width=\"681\" height=\"1024\" src=\"https:\/\/goldene-elf-hofgeismar.de\/wp-content\/uploads\/2025\/06\/DSC_0020-681x1024.jpg\" alt=\"\" class=\"wp-image-3568\" style=\"aspect-ratio:0.6701684971689746;object-fit:cover;width:145px\" srcset=\"https:\/\/goldene-elf-hofgeismar.de\/wp-content\/uploads\/2025\/06\/DSC_0020-681x1024.jpg 681w, https:\/\/goldene-elf-hofgeismar.de\/wp-content\/uploads\/2025\/06\/DSC_0020-199x300.jpg 199w, https:\/\/goldene-elf-hofgeismar.de\/wp-content\/uploads\/2025\/06\/DSC_0020-768x1155.jpg 768w, https:\/\/goldene-elf-hofgeismar.de\/wp-content\/uploads\/2025\/06\/DSC_0020-1021x1536.jpg 1021w, https:\/\/goldene-elf-hofgeismar.de\/wp-content\/uploads\/2025\/06\/DSC_0020-1362x2048.jpg 1362w, https:\/\/goldene-elf-hofgeismar.de\/wp-content\/uploads\/2025\/06\/DSC_0020-300x451.jpg 300w, https:\/\/goldene-elf-hofgeismar.de\/wp-content\/uploads\/2025\/06\/DSC_0020-scaled.jpg 1702w\" sizes=\"auto, (max-width: 681px) 100vw, 681px\" \/><\/figure>\n\n\n\n<p class=\"wp-block-paragraph\">Torsten Metz<\/p>\n\n\n\n<p class=\"wp-block-paragraph\"><\/p>\n\n\n\n<p class=\"has-medium-font-size wp-block-paragraph\"><strong>2 Kassierer<\/strong><\/p>\n\n\n\n<figure class=\"wp-block-image size-large is-resized is-style-rounded\"><img loading=\"lazy\" decoding=\"async\" width=\"681\" height=\"1024\" src=\"https:\/\/goldene-elf-hofgeismar.de\/wp-content\/uploads\/2025\/06\/DSC_0022-681x1024.jpg\" alt=\"\" class=\"wp-image-3569\" style=\"aspect-ratio:0.6701684971689746;object-fit:cover;width:145px\" srcset=\"https:\/\/goldene-elf-hofgeismar.de\/wp-content\/uploads\/2025\/06\/DSC_0022-681x1024.jpg 681w, https:\/\/goldene-elf-hofgeismar.de\/wp-content\/uploads\/2025\/06\/DSC_0022-199x300.jpg 199w, https:\/\/goldene-elf-hofgeismar.de\/wp-content\/uploads\/2025\/06\/DSC_0022-768x1155.jpg 768w, https:\/\/goldene-elf-hofgeismar.de\/wp-content\/uploads\/2025\/06\/DSC_0022-1021x1536.jpg 1021w, https:\/\/goldene-elf-hofgeismar.de\/wp-content\/uploads\/2025\/06\/DSC_0022-1362x2048.jpg 1362w, https:\/\/goldene-elf-hofgeismar.de\/wp-content\/uploads\/2025\/06\/DSC_0022-300x451.jpg 300w, https:\/\/goldene-elf-hofgeismar.de\/wp-content\/uploads\/2025\/06\/DSC_0022-scaled.jpg 1702w\" sizes=\"auto, (max-width: 681px) 100vw, 681px\" \/><\/figure>\n\n\n\n<h4 class=\"wp-block-heading has-black-color has-text-color\"><br> Stefan Sigel<br><\/h4>\n\n\n\n<h4 class=\"wp-block-heading has-black-color has-text-color has-medium-font-size\"><strong>1. Schriftf\u00fchrerin<\/strong><\/h4>\n\n\n\n<figure class=\"wp-block-image size-large is-resized is-style-rounded\"><img loading=\"lazy\" decoding=\"async\" width=\"681\" height=\"1024\" src=\"https:\/\/goldene-elf-hofgeismar.de\/wp-content\/uploads\/2025\/06\/DSC_0005-681x1024.jpg\" alt=\"\" class=\"wp-image-3563\" style=\"aspect-ratio:0.6701684971689746;object-fit:cover;width:145px\" srcset=\"https:\/\/goldene-elf-hofgeismar.de\/wp-content\/uploads\/2025\/06\/DSC_0005-681x1024.jpg 681w, https:\/\/goldene-elf-hofgeismar.de\/wp-content\/uploads\/2025\/06\/DSC_0005-199x300.jpg 199w, https:\/\/goldene-elf-hofgeismar.de\/wp-content\/uploads\/2025\/06\/DSC_0005-768x1155.jpg 768w, https:\/\/goldene-elf-hofgeismar.de\/wp-content\/uploads\/2025\/06\/DSC_0005-1021x1536.jpg 1021w, https:\/\/goldene-elf-hofgeismar.de\/wp-content\/uploads\/2025\/06\/DSC_0005-1362x2048.jpg 1362w, https:\/\/goldene-elf-hofgeismar.de\/wp-content\/uploads\/2025\/06\/DSC_0005-300x451.jpg 300w, https:\/\/goldene-elf-hofgeismar.de\/wp-content\/uploads\/2025\/06\/DSC_0005-scaled.jpg 1702w\" sizes=\"auto, (max-width: 681px) 100vw, 681px\" \/><\/figure>\n\n\n\n<h4 class=\"wp-block-heading has-black-color has-text-color has-small-font-size\"><br><strong> Ina W<\/strong>ittmis<strong> <\/strong><\/h4>\n\n\n\n<p class=\"has-medium-font-size wp-block-paragraph\"><strong> 2. Schriftf\u00fchrer<\/strong><br><\/p>\n\n\n\n<figure class=\"wp-block-image size-large is-resized is-style-rounded\"><img loading=\"lazy\" decoding=\"async\" width=\"681\" height=\"1024\" src=\"https:\/\/goldene-elf-hofgeismar.de\/wp-content\/uploads\/2025\/06\/DSC_0009-681x1024.jpg\" alt=\"\" class=\"wp-image-3562\" style=\"aspect-ratio:0.6701684971689746;object-fit:cover;width:145px\" srcset=\"https:\/\/goldene-elf-hofgeismar.de\/wp-content\/uploads\/2025\/06\/DSC_0009-681x1024.jpg 681w, https:\/\/goldene-elf-hofgeismar.de\/wp-content\/uploads\/2025\/06\/DSC_0009-199x300.jpg 199w, https:\/\/goldene-elf-hofgeismar.de\/wp-content\/uploads\/2025\/06\/DSC_0009-768x1155.jpg 768w, https:\/\/goldene-elf-hofgeismar.de\/wp-content\/uploads\/2025\/06\/DSC_0009-1021x1536.jpg 1021w, https:\/\/goldene-elf-hofgeismar.de\/wp-content\/uploads\/2025\/06\/DSC_0009-1362x2048.jpg 1362w, https:\/\/goldene-elf-hofgeismar.de\/wp-content\/uploads\/2025\/06\/DSC_0009-300x451.jpg 300w, https:\/\/goldene-elf-hofgeismar.de\/wp-content\/uploads\/2025\/06\/DSC_0009-scaled.jpg 1702w\" sizes=\"auto, (max-width: 681px) 100vw, 681px\" \/><\/figure>\n\n\n\n<h4 class=\"wp-block-heading has-black-color has-text-color\"><br> Maximilian Stark<br> <\/h4>\n\n\n\n<p class=\"wp-block-paragraph\"><\/p>\n\n\n\n<p class=\"wp-block-paragraph\"><\/p>\n\n\n\n<h4 class=\"wp-block-heading has-black-color has-text-color has-medium-font-size\"> Sitzungspr\u00e4sidentin<\/h4>\n\n\n\n<figure class=\"wp-block-image size-full is-resized is-style-rounded\"><img loading=\"lazy\" decoding=\"async\" width=\"2560\" height=\"1702\" src=\"https:\/\/goldene-elf-hofgeismar.de\/wp-content\/uploads\/2025\/07\/DSC_0084-scaled.jpg\" alt=\"\" class=\"wp-image-3589\" style=\"aspect-ratio:4\/3;object-fit:cover;width:200px\" srcset=\"https:\/\/goldene-elf-hofgeismar.de\/wp-content\/uploads\/2025\/07\/DSC_0084-scaled.jpg 2560w, https:\/\/goldene-elf-hofgeismar.de\/wp-content\/uploads\/2025\/07\/DSC_0084-300x199.jpg 300w, https:\/\/goldene-elf-hofgeismar.de\/wp-content\/uploads\/2025\/07\/DSC_0084-1024x681.jpg 1024w, https:\/\/goldene-elf-hofgeismar.de\/wp-content\/uploads\/2025\/07\/DSC_0084-768x511.jpg 768w, https:\/\/goldene-elf-hofgeismar.de\/wp-content\/uploads\/2025\/07\/DSC_0084-1536x1021.jpg 1536w, https:\/\/goldene-elf-hofgeismar.de\/wp-content\/uploads\/2025\/07\/DSC_0084-2048x1362.jpg 2048w, https:\/\/goldene-elf-hofgeismar.de\/wp-content\/uploads\/2025\/07\/DSC_0084-451x300.jpg 451w\" sizes=\"auto, (max-width: 2560px) 100vw, 2560px\" \/><\/figure>\n\n\n\n<p class=\"wp-block-paragraph\"><\/p>\n\n\n\n<h4 class=\"wp-block-heading has-black-color has-text-color\">Alexandra Metz<\/h4>\n\n\n\n<p class=\"wp-block-paragraph\"><\/p>\n\n\n\n<h4 class=\"wp-block-heading has-black-color has-text-color has-medium-font-size\"><strong>2. Sitzungspr\u00e4sidentin<\/strong><\/h4>\n\n\n\n<figure class=\"wp-block-image size-large is-resized is-style-rounded\"><img loading=\"lazy\" decoding=\"async\" width=\"681\" height=\"1024\" src=\"https:\/\/goldene-elf-hofgeismar.de\/wp-content\/uploads\/2025\/06\/DSC_0011-681x1024.jpg\" alt=\"\" class=\"wp-image-3571\" style=\"aspect-ratio:0.6701684971689746;object-fit:cover;width:145px\" srcset=\"https:\/\/goldene-elf-hofgeismar.de\/wp-content\/uploads\/2025\/06\/DSC_0011-681x1024.jpg 681w, https:\/\/goldene-elf-hofgeismar.de\/wp-content\/uploads\/2025\/06\/DSC_0011-199x300.jpg 199w, https:\/\/goldene-elf-hofgeismar.de\/wp-content\/uploads\/2025\/06\/DSC_0011-768x1155.jpg 768w, https:\/\/goldene-elf-hofgeismar.de\/wp-content\/uploads\/2025\/06\/DSC_0011-1021x1536.jpg 1021w, https:\/\/goldene-elf-hofgeismar.de\/wp-content\/uploads\/2025\/06\/DSC_0011-1362x2048.jpg 1362w, https:\/\/goldene-elf-hofgeismar.de\/wp-content\/uploads\/2025\/06\/DSC_0011-300x451.jpg 300w, https:\/\/goldene-elf-hofgeismar.de\/wp-content\/uploads\/2025\/06\/DSC_0011-scaled.jpg 1702w\" sizes=\"auto, (max-width: 681px) 100vw, 681px\" \/><\/figure>\n\n\n\n<p class=\"wp-block-paragraph\">Ina B\u00e4cker<\/p>\n\n\n\n<p class=\"has-medium-font-size wp-block-paragraph\"><strong>Jugendwartin<\/strong><\/p>\n\n\n\n<figure class=\"wp-block-image size-large is-resized is-style-rounded\"><img loading=\"lazy\" decoding=\"async\" width=\"1024\" height=\"681\" src=\"https:\/\/goldene-elf-hofgeismar.de\/wp-content\/uploads\/2025\/07\/DSC_0087-1024x681.jpg\" alt=\"\" class=\"wp-image-3590\" style=\"aspect-ratio:1.4866265652782507;object-fit:cover;width:200px\" srcset=\"https:\/\/goldene-elf-hofgeismar.de\/wp-content\/uploads\/2025\/07\/DSC_0087-1024x681.jpg 1024w, https:\/\/goldene-elf-hofgeismar.de\/wp-content\/uploads\/2025\/07\/DSC_0087-300x199.jpg 300w, https:\/\/goldene-elf-hofgeismar.de\/wp-content\/uploads\/2025\/07\/DSC_0087-768x511.jpg 768w, https:\/\/goldene-elf-hofgeismar.de\/wp-content\/uploads\/2025\/07\/DSC_0087-1536x1021.jpg 1536w, https:\/\/goldene-elf-hofgeismar.de\/wp-content\/uploads\/2025\/07\/DSC_0087-2048x1362.jpg 2048w, https:\/\/goldene-elf-hofgeismar.de\/wp-content\/uploads\/2025\/07\/DSC_0087-451x300.jpg 451w\" sizes=\"auto, (max-width: 1024px) 100vw, 1024px\" \/><\/figure>\n\n\n\n<p class=\"wp-block-paragraph\">Michelle Rosenberger<\/p>\n\n\n\n<p class=\"wp-block-paragraph\"><\/p>\n","protected":false},"excerpt":{"rendered":"<p>Das sind wir, der Vorstand der Goldene Elf Hofgeismar. 1. Vorsitzender Christian Stark powerstark@gmx.de &nbsp; 0172-5605983&nbsp; 2. Vorsitzende Erwin A\u00dfhauer asshauer@goldene-elf-hofgeismar.de 01702392499 1. Kassierer Torsten Metz 2 Kassierer Stefan Sigel 1. Schriftf\u00fchrerin Ina Wittmis 2. Schriftf\u00fchrer Maximilian Stark Sitzungspr\u00e4sidentin Alexandra &hellip; <a href=\"https:\/\/goldene-elf-hofgeismar.de\/?page_id=10\">Weiterlesen <span class=\"meta-nav\">&rarr;<\/span><\/a><\/p>\n","protected":false},"author":2,"featured_media":0,"parent":0,"menu_order":0,"comment_status":"open","ping_status":"closed","template":"","meta":{"_crdt_document":"","footnotes":""},"class_list":["post-10","page","type-page","status-publish","hentry"],"_links":{"self":[{"href":"https:\/\/goldene-elf-hofgeismar.de\/index.php?rest_route=\/wp\/v2\/pages\/10","targetHints":{"allow":["GET"]}}],"collection":[{"href":"https:\/\/goldene-elf-hofgeismar.de\/index.php?rest_route=\/wp\/v2\/pages"}],"about":[{"href":"https:\/\/goldene-elf-hofgeismar.de\/index.php?rest_route=\/wp\/v2\/types\/page"}],"author":[{"embeddable":true,"href":"https:\/\/goldene-elf-hofgeismar.de\/index.php?rest_route=\/wp\/v2\/users\/2"}],"replies":[{"embeddable":true,"href":"https:\/\/goldene-elf-hofgeismar.de\/index.php?rest_route=%2Fwp%2Fv2%2Fcomments&post=10"}],"version-history":[{"count":35,"href":"https:\/\/goldene-elf-hofgeismar.de\/index.php?rest_route=\/wp\/v2\/pages\/10\/revisions"}],"predecessor-version":[{"id":3594,"href":"https:\/\/goldene-elf-hofgeismar.de\/index.php?rest_route=\/wp\/v2\/pages\/10\/revisions\/3594"}],"wp:attachment":[{"href":"https:\/\/goldene-elf-hofgeismar.de\/index.php?rest_route=%2Fwp%2Fv2%2Fmedia&parent=10"}],"curies":[{"name":"wp","href":"https:\/\/api.w.org\/{rel}","templated":true}]}}